he remainder when 31 is divided by a?
15
Suppose -17*i + 3*i = -154. What is the remainder when 63 is divided by i?
8
Suppose 0*d = 2*d - 22. Let m(y) = 2*y**2 + 4*y + 1. What is the remainder when m(3) is divided by d?
9
Suppose 9*b - 234 = 3*b. Suppose -x - 6 = -2*x - 4*n, 4*x - 39 = -n. What is the remainder when b is divided by x?
9
Suppose 4*u = 2*m + 16, -u = -4*m + u - 62. Let q = 37 + m. Let z(h) = -h**2 + 6*h + 7. Calculate the remainder when q is divided by z(6).
5
Let v be (-2)/2 - (-12)/(-2). Let d = v - -3. Let i = 7 + d. What is the remainder when 7 is divided by i?
1
What is the remainder when 45 is divided by (-344)/(-28) - (-6)/(-21)?
9
Let o = -43 + 62. Calculate the remainder when 55 is divided by o.
17
Suppose -u = 3*u. Suppose 0 = -u*l + 3*l - 27. Calculate the remainder when 16 is divided by l.
7
Let m(y) = y**3 + 5*y**2 - y + 5. Let u = -48 - -57. What is the remainder when m(-4) is divided by u?
7
Suppose -4*b + 38 + 18 = 0. What is the remainder when (-10)/(-15) - (-242)/6 is divided by b?
13
Suppose 4*a = 3*a + 38. What is the remainder when a is divided by (0 + 8/(-6))*-15?
18
Suppose -h - 2*c + 226 = 0, -h - 668 = -4*h + 4*c. Suppose -3*m = -2*d + 2*m + 248, 2*d = -m + h. What is the remainder when d is divided by 29?
27
Let u = 10 - -12. Suppose 3 = 5*z - 4*l + l, -2*l = -2*z + 2. Let x = z - -12. What is the remainder when u is divided by x?
10
Suppose -4*x + 3*n + 12 = n, x + 4*n - 3 = 0. Suppose q = -x*q + 20. Suppose -m = -q - 34. What is the remainder when m is divided by 20?
19
Suppose 189 = 8*y - 5*y. Calculate the remainder when y is divided by 11.
8
Suppose 0 = r + r - 34. Let g(t) = -t**3 - t + 3. Let v be g(0). Suppose 0 = -p - v + 9. Calculate the remainder when r is divided by p.
5
Let w = 43 - 8. What is the remainder when w is divided by 9?
8
Calculate the remainder when 1173/24 + (0 - -4)/32 is divided by 4.
1
Let l(w) = 5*w**2 + 3*w - 3. Let c be (-8)/3 - (-2)/3. Let j be 4 + 2/(-3 - c). Calculate the remainder when l(j) is divided by 12.
11
Let l = -94 + 237. Suppose -g = -3, 0*g - 3*g = -5*n + 116. What is the remainder when n is divided by (-22)/l - 119/(-13)?
7
Let w(m) = -m**3 - m**2 + 3. Let s be w(0). Let r = -10 + 52. Calculate the remainder when r is divided by 132/(-4)*(-1)/s.
9
Calculate the remainder when 1 is divided by 0 + 2 - 3/(-18)*-6.
0
Let j be ((-12)/(-15))/((-8)/(-60)). Let l = 7 - j. What is the remainder when 3 is divided by l?
0
Suppose 92 = -3*z + 14. Calculate the remainder when z/(-1) + -1 + 0 is divided by 9.
7
Let n(d) = 60*d**2 + 1. Let h = 352 - 331. What is the remainder when n(-1) is divided by h?
19
Suppose 5*x + 24 = 9*x - 4*u, -3*u = 3*x. Suppose -21 = x*r - 69. Suppose -4*t + 4*h + r = 0, -2*t = -t - 4*h + 5. What is the remainder when t is divided by 3?
1
Let j(c) = 4*c - 2. Let k be j(-3). Let t be k + -2*6/(-4). Let z = -8 - t. What is the remainder when 4 is divided by z?
1
Let f(l) = -28*l**3 + l**2 + l. Let g be f(-1). Suppose -4*q - g = -4*v - 0*q, q = 0. Let k = -4 + 7. What is the remainder when v is divided by k?
1
Let v = 59 - -48. Calculate the remainder when v is divided by 22.
19
Suppose -4*n = -0*n - 40. Suppose 0 = -k - 3*l + 46, 0 = 4*l + 7 - 19. Calculate the remainder when k is divided by n.
7
Suppose -2*p = r - 8, -3*r + 7*r = -2*p + 2. Suppose -w + 190 = 4*w - p*h, -4*w = -5*h - 153. Calculate the remainder when w is divided by 10.
7
Suppose -3*i - i + 40 = 0. Let p(a) = 2*a**2 + 5*a. Let n be p(4). Let t = n - 24. Calculate the remainder when t is divided by i.
8
Suppose -3 = -v - 0*v. Suppose -5*x = -3*p - 102, -v*p + 5*p + 8 = 0. Suppose 38 = i + 4. Calculate the remainder when i is divided by x.
16
Let n = 145 - 103. What is the remainder when n is divided by 15?
12
Suppose 0*f = 2*p - 5*f - 139, 3*f - 317 = -4*p. Let b = 98 - 72. Calculate the remainder when p is divided by b.
25
Suppose 686 = -0*w + 14*w. What is the remainder when w is divided by 8?
1
Let k = 11 - 1. Let g(m) = 2*m - 4. Let i be g(6). Suppose i - 2 = f. Calculate the remainder when k is divided by f.
4
Let r = -19 + 93. Let f = -40 + r. What is the remainder when f is divided by 12?
10
Suppose -k = 3*r - 20, 0*k = 3*k - 3*r - 48. What is the remainder when 48 is divided by k?
14
Suppose 0 = -3*z - 0*z - 15, 2*c - z - 115 = 0. What is the remainder when c is divided by (3/((-12)/(-76)))/1?
17
Calculate the remainder when 208 is divided by (1 + 14/(-4))/(23/(-322)).
33
Let g = -10 + 18. Let b be -1 - (-2 + (-3 - g)). Calculate the remainder when 7 is divided by b/(-6)*(-3)/2.
1
Suppose 2*b - 7*b = 3*x - 127, 0 = 5*x + 5. Let j = -7 + 10. Suppose -k = j*d - 19 - 20, -5*d - 4*k + 58 = 0. Calculate the remainder when b is divided by d.
12
Suppose 3*b + 352 = 7*b. What is the remainder when b is divided by 45?
43
Let q(y) = -y**3 - 5*y**2 + 4*y - 10. Let s be q(-7). Calculate the remainder when 3 is divided by 24/s + (-13)/(-5).
0
Let p be 1 + (-33)/(2 - 3). Let y = p + -49. Let r = y + 27. Calculate the remainder when r is divided by 7.
5
Let c(y) = -y**2 - 5*y. Let h be c(-4). Let f = 3 + 5. Suppose 3*z - h*z = -f. What is the remainder when 22 is divided by z?
6
Suppose 3*w - 100 = 2*l + 2*l, -l + 125 = 3*w. What is the remainder when w is divided by (-1 - (4 + -8))*7?
19
Let y = 8 - -11. Suppose 0 = -2*u - 3*u - 10. What is the remainder when y is divided by 42/4 + u/4?
9
Let g(w) = w + 1. Let y be g(4). Suppose -37 - 3 = -y*k. What is the remainder when 22 is divided by k?
6
What is the remainder when 8*4/48*(-228)/(-2) is divided by 39?
37
Let r(n) = n**2 - 7*n + 5. Let j be r(7). Let i = 15 - j. Suppose 5*u - 136 = -5*w + w, 3*u = -5*w + 79. What is the remainder when u is divided by i?
8
Let p = -1 - 5. Let k = p - -19. What is the remainder when 50 is divided by k?
11
Suppose 5*c + 2*h + 3*h + 5 = 0, c + 3*h - 1 = 0. Calculate the remainder when (496/(-20))/(c/5) is divided by 16.
14
Let d = 119 - -7. Suppose -3*i = 4*n - d, -2*n - i = 2*i - 60. What is the remainder when n is divided by 17?
16
Suppose -3*n + 34 = -17. Let z = 46 - n. Suppose 2*i - 3*t - z = 0, 0 = -2*i - t - 1 + 18. What is the remainder when 18 is divided by i?
8
Let x(w) = w**3 + 5*w**2 - w - 1. Let h be x(-5). Suppose 2*j - 26 = h*m, 0 = -4*j + 5*m - m + 32. Calculate the remainder when j is divided by 2.
1
Calculate the remainder when 72 is divided by (25 - 20)/((-1)/(-3)).
12
Let g be 123/(-21) + (-3)/21. Let k(r) = -r + 2. Calculate the remainder when 21 is divided by k(g).
5
Let n = -19 + 33. Let f = 0 + n. Calculate the remainder when 26 is divided by f.
12
Let o be 5/((-15)/(-3504)) + -1. Suppose o = -2*s - 1197. Calculate the remainder when (-4)/6 - s/18 is divided by 22.
21
Suppose t = n + 2*n + 8, 4*t = 4*n + 64. Let x = 10 + -5. Let h = t - x. Calculate the remainder when 28 is divided by h.
13
Suppose -2*z + d - 2*d - 50 = 0, -z = 3*d + 20. Let s = z + -4. What is the remainder when (6/(-4))/(9/s) is divided by 3?
2
Let h(m) = 18*m**3 - 2*m**2 + m. Let k = -6 + 4. Let j be (-4 - k) + (-1 - -4). Calculate the remainder when h(j) is divided by 9.
8
What is the remainder when 38 is divided by 1*(-24 - (-1 - -1))*-1?
14
Suppose -5*r - 26 = -3*w, 4*r + 11 = -2*w - 1. Suppose 5*n = -4*l + 16, -3*l = -l - 5*n - 8. Let f = l - w. Calculate the remainder when 2 is divided by f.
0
Let p = -425 + 621. Suppose 4*g - p = -16. Suppose -3*u + 5*u - 24 = 0. What is the remainder when g is divided by u?
9
Suppose 107 = 4*l + k, -l + 6*k + 30 = 3*k. Let f(s) = 4*s + 3. Let a be f(4). Suppose -4*h + a = -37. Calculate the remainder when l is divided by h.
13
Suppose 0 = 6*y - 5*y + 1. Calculate the remainder when y*((-1)/(-1) - 15) is divided by (-10)/4*(1 + -3).
4
Suppose 2 + 0 = -2*p. What is the remainder when (p - 2)/((-12)/64) is divided by 6?
4
Suppose q = 4*q - 9. Suppose 0 = -q*y + y + 28. Let w = 19 - 11. Calculate the remainder when y is divided by w.
6
Suppose 14*d - 12*d = 88. What is the remainder when d is divided by 10?
4
Suppose 11*i = 14*i - 42. What is the remainder when 27 is divided by i?
13
Let j(w) = 35*w + 7. Let r be j(7). Suppose 5*k - 2*o + r = 0, -3*k - 4*o - 140 = -8*o. Let b = -18 - k. What is the remainder when b is divided by 12?
10
What is the remainder when (-1)/3 